*b**5/20 + b**4/3 - b**3/2 - 17*b**2. Let d(l) = -l. Let m(w) = 4*d(w) + r(w). What is the units digit of m(2)?
7
Let q(h) = -h**2 - 4*h. Let o be q(-3). Suppose 3*s = -4*i + 31, -2*i + 9 = o*s - 8. Suppose i*u - 480 = -5*u. What is the tens digit of u?
4
Let l be 12/(-32) + (-81)/(-24). Let d(o) = 18*o + 10. What is the tens digit of d(l)?
6
Suppose 13*l + 120 = 16*l. Suppose 24*v = 29*v - l. What is the units digit of 7/(14/v) + 78?
2
Suppose 215 = f - 1002. Let c = 1769 - f. What is the tens digit of c?
5
Suppose 102 = 3*k + 3*k. Let q(r) = 4*r + 2*r - 20*r - k*r + 2. What is the tens digit of q(-2)?
6
Let f = -15491 + 31721. What is the hundreds digit of f?
2
Let d(q) = 274*q**2 + 615*q - 4373. What is the units digit of d(7)?
8
Suppose -16*x + 201 - 473 = 0. Let h(m) = m**2 + 5*m + 44. What is the tens digit of h(x)?
4
Let z(v) = -9512*v - 407. What is the thousands digit of z(-6)?
6
Suppose 6*n + 4*p = 5*n + 6, n - 4 = -5*p. What is the hundreds digit of 6/(-45 - -3) - (-8416)/n?
6
Suppose -4*o - 24 = 2*t - 5*t, 6 = -o + 2*t. Let p(v) = 9*v + 48. Let n be p(o). What is the units digit of 128 - (-10)/2*n/(-10)?
1
Let v be ((-1045)/20)/((-3)/(-12)). Let c = v - -409. What is the hundreds digit of c?
2
Let q(y) = y - 5. Let c be q(6). Let a(k) = -k**3 + k**2 + 1. Let i(t) = -2*t**3 + 7*t**2 - 7*t - 2. Let n(z) = c*i(z) - 5*a(z). What is the tens digit of n(4)?
8
Let b(m) = -m**3 - 12*m**2 - 18*m + 13. Let y be b(-10). Let k(h) = 3*h**2 - 16*h - 47. What is the tens digit of k(y)?
1
Let p be (-10 - 50/(-5))/(2 - 0). Suppose 2*h = 6*o - 3*o - 1677, p = h - 3. What is the tens digit of o?
6
Suppose -714884 = -60*y - 13664. What is the units digit of y?
7
Let c(g) = -7*g**2 - 20*g - 4. Let j be c(10). Let x = j - -1815. What is the hundreds digit of x?
9
Let x = 7972 + 1904. What is the thousands digit of x?
9
Suppose -7317 + 429 = -12*g. Suppose 9*n = 11*n - g. What is the tens digit of n?
8
Suppose -j = -t - 1650 - 5807, -j - t + 7459 = 0. What is the thousands digit of j?
7
Let z = 35606 - -22218. What is the hundreds digit of z?
8
Let r(o) = -25*o + 4411. What is the units digit of r(-70)?
1
Suppose -665*b + 135520 = -645*b. What is the units digit of b?
6
Suppose -8*r - 6870 - 78442 = 0. What is the units digit of r/(-26) - 40/260?
0
Let o = 17 + -2. Suppose -g = -5*m - 962, m + 4906 = -10*g + o*g. What is the hundreds digit of g?
9
Let m = -26 + 73. Let z = -37 + m. Suppose z*r = 9*r + 79. What is the tens digit of r?
7
Let a = 46 - 40. Suppose -3 - a = z. What is the units digit of (z/(-6))/(2/8)?
6
Let i(x) = -160*x - 147. Let v(o) = -o**3 - 2*o**2 + 6*o - 3. Let k be v(2). What is the units digit of i(k)?
3
Suppose -b = -5*u + 707, 10*b = 2*u + 9*b - 281. Suppose 26*w - 8542 = u. What is the tens digit of w?
3
What is the hundreds digit of 26/(-390) + (-55624)/(-60) + -3?
9
What is the thousands digit of ((-30)/8)/(-1*3*(-6)/(-45576))?
9
What is the units digit of (-20)/6 - (-3143524)/372?
7
Suppose -23 = -4*a - 3*j, 3*a = -a + j + 19. Suppose -3*l = l + 4*v - 12, -a*v - 55 = -5*l. What is the tens digit of -2 - l/(35/(-260))?
5
Let c(h) = 4*h**3 - 23*h**2 + 93*h + 7. What is the tens digit of c(20)?
6
Let o(d) = 6*d + 23. Let q(l) = 17*l + 68. Let c(s) = 11*o(s) - 4*q(s). Let m be c(-10). What is the units digit of (5/10)/(m/296)?
8
Let b be (-2)/4 + ((-7125)/(-10))/5. Suppose -f + b = 538. Let v = f - -555. What is the tens digit of v?
5
Let d be 2/(-10) - 31/(-5). Let i(y) be the first derivative of 23*y**2/2 + 29*y - 61. What is the tens digit of i(d)?
6
Suppose -18207 = -3*j + 19*v + 38903, -38052 = -2*j + 2*v. What is the units digit of j?
4
Let f(s) = s**3 - 4*s**2 - 2*s - 7. Let t = -40 + 43. Suppose -3*x = 4*z - 23, -2*x - 13 = -t*x - 4*z. What is the units digit of f(x)?
8
Let k = 771 - 807. What is the units digit of (-40995)/k + 1 + (-3)/4?
9
Let k = -7376 - -17071. What is the units digit of k?
5
Let s(m) = m**2 + 9*m + 13. Let n be s(-8). Let u be (-10)/(-8) + n/(-20). What is the tens digit of 14 + 7 - (1 + u)?
1
Suppose -13*q + 2*q + 110 = 0. Let s(x) = -x**3 - 14*x**2 - 13*x + 13. Let o be s(-13). Suppose -q*u + o*u = 465. What is the tens digit of u?
5
Let t = 142211 - 77662. What is the thousands digit of t?
4
Let w(t) = 5*t**3 - 149*t**2 + 189*t - 305. Let a(p) = -3*p**3 + 99*p**2 - 125*p + 203. Let h(k) = 8*a(k) + 5*w(k). What is the units digit of h(-48)?
5
Let g = -504 + 742. Suppose -7*u = -3220 + g. What is the units digit of u?
6
Let k(a) = a**2 - 8*a + 15. Let q be k(6). Suppose -s + 348 + 81 = -2*j, q*j + 15 = 0. What is the units digit of s?
9
Let x be (-3 - (2 - 0))/(-1 - 0). Suppose -6*v + 5 = -x*v. Suppose -v*h + 0*n = -2*n - 586, -2*h = -n - 235. What is the units digit of h?
6
Let v = -378 + 781. Let a = v + 145. What is the hundreds digit of a?
5
Let o = -1737 - -3012. What is the tens digit of o?
7
Let u(d) be the first derivative of -137*d**4/4 - 2*d**3 + 7*d + 45. Let t(c) = c**3 + c**2 - 1. Let p(q) = 5*t(q) + u(q). What is the units digit of p(-1)?
3
Let w = 57 - 4. Suppose 130 = 55*g - w*g. Let b = 132 - g. What is the tens digit of b?
6
Let d(b) = 3140*b + 332. What is the ten thousands digit of d(6)?
1
What is the tens digit of (2886/(-8))/(-3)*(-198 - -226)?
6
Let x(m) = -m**2 - 5*m + 7. Let j be x(-6). Let w be (1 - j) + -1 + -9 + 1. Let n = w + 36. What is the units digit of n?
7
Let c be (-14)/8 - 755375/(-100). What is the tens digit of 49/(-441) - c/(-9)?
3
Let k(q) = -5*q + 14. Let t be k(2). Suppose -8 = -t*l, 0 = -b - 3*l + 24 - 0. What is the tens digit of b?
1
Let j be 44/198 - (259/(-9) - 1). Suppose -j = -3*w + 3*h, 3*h - 20 = 4*w - 56. Suppose -w*i = -7*i + 3. What is the units digit of i?
3
Let o be (-4980)/50*30/12. Let g = 382 - o. What is the units digit of g?
1
Suppose -49 = 7*d - 10*d + 2*q, -q + 23 = d. Let j(t) = t**2 + 8*t - 10. Let g be j(-9). What is the units digit of -17 + d + (267 - g)?
0
Let m(h) = 8*h**3 + 37*h**2 - 763*h - 21. What is the ten thousands digit of m(15)?
2
Let q(a) = 2351*a**2 - 62*a - 18. What is the thousands digit of q(-4)?
7
Suppose 5*q = 3*h - 43, 26*h + 5*q + 21 = 27*h. Let r(l) = 57*l + 16. What is the hundreds digit of r(h)?
6
Let g(i) = i**3 - 44*i**2 + 16*i + 42. Let m be (-132)/(-16)*(-128)/(-24). What is the tens digit of g(m)?
4
Suppose -i - 2 = -w, 2*i + w + 1 = 2*w. Let p be 21*(i - 2)*(-242)/33. Let n = -103 + p. What is the tens digit of n?
5
Suppose 3*n = 5*q + 5*n - 10420, 0 = -2*n. Let i = q + -1369. What is the hundreds digit of i?
7
Suppose -45*g = -48*g - 189. What is the tens digit of ((-1)/(6/9))/(g/72156)?
1
Suppose -20*d + 14984 = -1096. What is the hundreds digit of d?
8
Let u = 1375 - -4683. What is the units digit of u?
8
Let g be (2 - 8) + 4*56. Suppose p - g = 424. What is the tens digit of p?
4
Let t(l) = 3*l**3 - 186*l**2 - 25*l - 447. What is the hundreds digit of t(64)?
5
Suppose 4*d + 2 = -14, 5*d = -4*n - 188. Let z = -41 - n. What is the tens digit of ((-299)/(-3))/z - (-84)/(-126)?
9
What is the units digit of (-463300)/(-25) - (13 + -4 - 0)?
3
Let z(w) = w**3 - 6*w**2 - 4*w - 1. Let y be z(7). Suppose -19*s = -y*s. Suppose s*b - 560 = -8*b. What is the tens digit of b?
7
Suppose 0 = 5*c - 8809 - 16151. Suppose 14*m = m + c. What is the hundreds digit of m?
3
Suppose -4*v + 108 = -2*a + 6*a, -3*v = -15. Let c = -26 + a. What is the tens digit of c/(-4)*-1 + 39?
3
Let o(v) = v**2 - 5*v - 1. Let h be o(6). Suppose 2*f + 2 = -5*a, -3*f + h*a = 34 - 6. What is the units digit of f/1*552/(-36)?
2
Let h(j) be the first derivative of 31*j**4 - 2*j**3 + 4*j**2 - 5*j + 49. What is the tens digit of h(2)?
7
Suppose 2005*u = 1988*u + 73695. What is the tens digit of u?
3
Suppose -6*t - 51 = -23*t. Suppose -3*n + 3192 = 9*l - 4*l, t*n = 5*l - 3198. What is the hundreds digit of l?
6
Let t(b) = 1393*b**2 + 10*b - 10. What is the units digit of t(1)?
3
Let o be (-7)/(-2) + (-4)/8. Suppose -2*f - 4*z + 302 = -0*z, 0 = o*f - 5*z - 398. Suppose -135 = -4*q + f. What is the tens digit of q?
6
What is the tens digit of 5/((-15)/(-2)) + 376010/15?
6
What is the hundreds digit of (-290)/(-232) + 560643/52 - 6/(-39)?
7
Let l(v) = v**2 - 18*v - 16. Let o be l(21). Suppose -o - 453 = -5*b. What is the units digit of b?
0
Let i =